{"id":536,"date":"2017-09-19T18:56:54","date_gmt":"2017-09-19T17:56:54","guid":{"rendered":"http:\/\/www.unrp-sites.com\/H69A\/?page_id=536"},"modified":"2022-02-02T08:11:49","modified_gmt":"2022-02-02T10:11:49","slug":"la-charte","status":"publish","type":"page","link":"http:\/\/www.unrp-sites.com\/H69A\/la-charte\/","title":{"rendered":"La Charte"},"content":{"rendered":"<div id=\"art-main\">\n<div class=\"art-Sheet\">\n<div class=\"art-Sheet-body\">\n<div class=\"art-contentLayout\">\n<div class=\"art-content\">\n<div class=\"art-Post\">\n<div class=\"art-Post-body\">\n<div class=\"art-Post-inner art-article\">\n<div class=\"art-PostContent\">\n<p><span style=\"font-family: arial, helvetica, sans-serif; font-size: 24px;\">Nous attirons l\u2019attention de tous, que ce site n\u2019est pas un d\u00e9potoir. Tout propos politique, injurieux, diffamant, raciste, ou mettant en cause la dignit\u00e9 humaine sera imm\u00e9diatement effac\u00e9, et son auteur sera exclu du site.<\/span><\/p>\n<p><span style=\"font-family: arial, helvetica, sans-serif; font-size: 24px;\">Pour ceux qui d\u00e9sirent \u00e9crire un article entier, ils se signaleront au mod\u00e9rateur qui fera le n\u00e9cessaire.<\/span><\/p>\n<p><span style=\"font-family: arial, helvetica, sans-serif; font-size: 24px;\">Merci de votre attention,<\/span><\/p>\n<\/div>\n<\/div>\n<\/div>\n<\/div>\n<\/div>\n<\/div>\n<\/div>\n<\/div>\n<\/div>\n<p><span style=\"font-family: arial,helvetica,sans-serif;\">\u00a0<\/span><\/p>\n","protected":false},"excerpt":{"rendered":"<p>Nous attirons l\u2019attention de tous, que ce site n\u2019est pas un d\u00e9potoir. Tout propos politique, injurieux, diffamant, raciste, ou mettant en cause la dignit\u00e9 humaine sera imm\u00e9diatement effac\u00e9, et son auteur sera exclu du site. Pour ceux qui d\u00e9sirent \u00e9crire un article entier, ils se signaleront au mod\u00e9rateur qui fera le n\u00e9cessaire. Merci de votre [&hellip;]<\/p>\n","protected":false},"author":1,"featured_media":0,"parent":0,"menu_order":7,"comment_status":"closed","ping_status":"closed","template":"","meta":{"footnotes":""},"class_list":["post-536","page","type-page","status-publish","hentry"],"_links":{"self":[{"href":"http:\/\/www.unrp-sites.com\/H69A\/wp-json\/wp\/v2\/pages\/536","targetHints":{"allow":["GET"]}}],"collection":[{"href":"http:\/\/www.unrp-sites.com\/H69A\/wp-json\/wp\/v2\/pages"}],"about":[{"href":"http:\/\/www.unrp-sites.com\/H69A\/wp-json\/wp\/v2\/types\/page"}],"author":[{"embeddable":true,"href":"http:\/\/www.unrp-sites.com\/H69A\/wp-json\/wp\/v2\/users\/1"}],"replies":[{"embeddable":true,"href":"http:\/\/www.unrp-sites.com\/H69A\/wp-json\/wp\/v2\/comments?post=536"}],"version-history":[{"count":0,"href":"http:\/\/www.unrp-sites.com\/H69A\/wp-json\/wp\/v2\/pages\/536\/revisions"}],"wp:attachment":[{"href":"http:\/\/www.unrp-sites.com\/H69A\/wp-json\/wp\/v2\/media?parent=536"}],"curies":[{"name":"wp","href":"https:\/\/api.w.org\/{rel}","templated":true}]}}